ppose -i*l = -15663 + 1935. List the prime factors of l.
2, 3, 11
Let d = 36181 - 12176. What are the prime factors of d?
5, 4801
Let x(j) = j**2 + 8*j + 2. Let l be x(-8). Suppose 0 = 2*s + l*s - 8. Suppose -3*q = -s*h + 172, -2*q = -3*q - 4. What are the prime factors of h?
2, 5
Let d(v) = -4424*v - 1389. What are the prime factors of d(-5)?
20731
Let t(f) = 7*f + 3*f + 306 - 24*f - 13*f. What are the prime factors of t(0)?
2, 3, 17
Suppose l + 3035 = 3*o + 10023, -4 = 2*o. What are the prime factors of l?
2, 3491
Suppose -6*q = 7*q - 52. Suppose 1312 = 2*k - q*n, 4*k - n = -3*n + 2594. What are the prime factors of k?
2, 5, 13
Let i(n) = 58 + 9*n + 49 - 32. Let k be i(-8). List the prime factors of k/((-6 - -3)/(-276)).
2, 3, 23
Let b be -19 + (13 - 10 - 4). Suppose -152 = -3*g - g. Let q = b + g. List the prime factors of q.
2, 3
Let m(a) = 7*a - 2. Let h be m(1). Suppose h*l - 11 = -1. Suppose -2*s = l - 46. What are the prime factors of s?
2, 11
Let o = -294 + 401. Let q(t) = -9*t - 3. Let j be q(6). Let d = j + o. What are the prime factors of d?
2, 5
Let d be ((-1 + 2)/5)/(10/(-50)). Let v(u) be the second derivative of -9*u**5/4 + u**4/12 - u**3/6 - u**2 - u. What are the prime factors of v(d)?
3, 5
Let m(f) = f**2 - 24*f + 83. Let r be m(21). List the prime factors of (4/(-6))/(r/(-20670)).
13, 53
Suppose 3*z + 4*o = 5*o + 366, 0 = -4*z + 2*o + 486. List the prime factors of 10/(-6)*z/(-5).
41
Let d be (52/(-12) + 4)/((-1)/15). Suppose -5*q + 1240 = -d*w, 2*q - 5*q - w + 756 = 0. List the prime factors of q.
251
Suppose 2*q - 16286 = -i, -q = -5*q + i + 32554. List the prime factors of q.
2, 5, 11, 37
Suppose -2*z = 4*l + 839 - 24633, 4*l - z - 23785 = 0. Suppose -l - 9120 = -19*y. List the prime factors of y.
13, 61
Suppose -f + c - 6 = -17, 4*f - 34 = 2*c. Let z = 8 + f. Suppose -76 = -s + z. What are the prime factors of s?
2, 3, 5
Let g(q) = 999*q - 1213. What are the prime factors of g(3)?
2, 223
Let o = 3162 + 9419. What are the prime factors of o?
23, 547
List the prime factors of 9 + (17608 - (10 + -15)).
2, 3, 11, 89
Suppose 4 = -5*i - 6, 3*c = 4*i + 17. Suppose c*s = 3*o - 5*o + 153, 0 = -5*o - 2*s + 399. Let g = o - 40. List the prime factors of g.
41
Let x = 8333 + -1919. List the prime factors of x.
2, 3, 1069
Suppose -2*p = -0*z + 3*z + 1, -5*z = -5*p + 10. Let b be 42/(z/2*(-12)/21). Suppose -4*d + 3*d = -4*l - b, 0 = 2*l + 8. What are the prime factors of d?
131
Suppose -322442 - 1201514 = 14*k - 51*k. What are the prime factors of k?
2, 7, 1471
Suppose -9*t = -8*t + 5, 5*l - t = -75. Let x(h) = -44*h + 56. What are the prime factors of x(l)?
2, 5, 19
Let f be (-5 + -5)/5 - 2. What are the prime factors of (-4)/6*1974/f?
7, 47
Let b(i) = 4*i**3 - 37*i**2 - 18*i + 14. Let c be b(16). Suppose 13*x - 1851 = c. List the prime factors of x.
653
Let b(l) = -l**3 + 32*l**2 - 8*l + 11. List the prime factors of b(27).
2, 5, 43
Let b = 255 - 499. Suppose -36*d = -48*d - 1392. Let j = d - b. List the prime factors of j.
2
Suppose 4*z = -4*j, -z + 4*j - 39 = -19. Let o(n) = 8 - 2*n - 9*n - 25. What are the prime factors of o(z)?
3
Let o = -1985 - -2998. Let b = 454 + o. What are the prime factors of b?
3, 163
Suppose -q - 4 + 9 = 0. Suppose -2*h - 2*g = 6, -2*h = -q*g - 5 + 4. What are the prime factors of 2*h/24 - 1870/(-60)?
31
Suppose 3*n - 61 + 46 = 0. Suppose n*a + 753 = 3*j, -j - 3*j = 2*a - 978. List the prime factors of j.
2, 3, 41
Suppose 5*d + 12*d + 184 - 915 = 0. Let z(l) = 17*l**3 - l**2 - l - 1. Let b be z(-1). Let f = d + b. List the prime factors of f.
5
Let p(z) = z**2 + z + 1. Let r(m) = -3*m**2 - 8*m - 53. Let y(t) = -2*p(t) - r(t). What are the prime factors of y(-15)?
2, 3, 31
Let x(v) = -55*v - 9. Let y be x(-13). Suppose -5*g - 46 = -y. Suppose 2*w + g = 5*w. List the prime factors of w.
2, 11
Suppose -192 = -2*p + 18*p. List the prime factors of (1535/20)/((-3)/p).
307
Let x be ((-6)/(-10) - (-10)/25) + -3. List the prime factors of ((-302)/(-4))/(x/(-4))*1.
151
Suppose 0 = -5*k, -5*h - k - 166 + 5101 = 0. Let y = h + -737. What are the prime factors of y?
2, 5
Let l = 1162 - 1009. What are the prime factors of l?
3, 17
Let j = 155 + -223. What are the prime factors of 10340/34 + -10 + (-672)/j?
2, 19
Suppose -309 = -2*h - 5*x + 602, 0 = 4*h - 4*x - 1892. Let z be (h/3)/((-2)/(-4)*-1). Let s = -187 - z. List the prime factors of s.
5
Let k(h) be the first derivative of 10*h**2 + 27. Let l be k(2). List the prime factors of (24/l)/(4/30)*34.
3, 17
Let t(p) = -p**3 + 2*p**2 - 3*p + 7. Let d be t(5). Let z = -80 - d. Suppose -f - 14 = -2*l, 2 = z*l + 2*f - 26. What are the prime factors of l?
2
List the prime factors of 123118/22 - (-528)/(-1936).
2, 1399
Let q(f) = 4*f. Let c(b) = 56*b + 66. Let o(u) = -2*c(u) + 6*q(u). What are the prime factors of o(-8)?
2, 11, 13
Let i be -3 + 3 + (35 - -3). Let r = i - -70. Suppose 4*a = -0*a + r. What are the prime factors of a?
3
Let j(g) = 1393*g + 256. List the prime factors of j(1).
17, 97
Suppose 3*i + 4*y = 3892, -2594 = 2*i - 4*i - 3*y. Let t = -465 + i. Suppose -t = -5*f - 175. List the prime factors of f.
2, 3, 11
List the prime factors of 32528/12*63/28.
3, 19, 107
Let t be (-3 - (-9)/3) + 2. Suppose 5*z - 2*m - 17 - 152 = 0, 70 = t*z - 2*m. Let s = 74 - z. What are the prime factors of s?
41
List the prime factors of -38*32/(-2432) + 2*92530/8.
3, 11, 701
Let w(u) = 5*u - 23. Let i be w(18). Suppose 0 = 6*g - 187 + i. Suppose 0 = y - g - 14. List the prime factors of y.
2, 17
Let u(y) = y**3 - 25*y**2. Let o be u(25). Let n(j) = 2 - 2*j**3 + j - 4*j**2 + 9 - 6*j + o*j. List the prime factors of n(-5).
2, 3, 31
Let n(i) be the second derivative of i**5/20 + 25*i**4/12 + 14*i**3/3 + 9*i**2/2 - 20*i + 1. List the prime factors of n(-20).
3, 7, 23
Let h = -116 + 122. Suppose -h = 70*x - 73*x. Suppose -5*c + 279 + 812 = 2*v, 215 = c + x*v. List the prime factors of c.
3, 73
Suppose 12 = 5*v - v. Let t be 42/(-35)*(-10)/v. Suppose 0 = 3*m - t*m + 51. What are the prime factors of m?
3, 17
Let o = -17526 + 24768. What are the prime factors of o?
2, 3, 17, 71
Suppose 4*r = 3*n + 35, r = -3*r - 4*n. Suppose -y + 246 = 2*o, r*y = -44*o + 40*o + 1260. List the prime factors of y.
2
Suppose -118*d + 12 = -121*d, -5*d = 2*b - 72584. List the prime factors of b.
2, 7, 2593
Let k(m) = -2*m**2 - 58 - 9*m**2 + 3*m - 8*m**3 - 13*m**2 + 9*m**3. Let s be k(24). What are the prime factors of (9/(-2))/(s/(-308))?
3, 11
Suppose f + 30839 = 5*l, -2*l + 0*f + 12346 = -3*f. What are the prime factors of l?
7, 881
Let t = 2816 - 1783. Suppose -871 = -7*u + t. What are the prime factors of u?
2, 17
Suppose 39*x + 5*d - 213586 = 27*x, 5*x + 3*d - 88996 = 0. List the prime factors of x.
2, 11, 809
Let f(a) = 31*a**2 - 5*a - 7. Suppose 109*k = 103*k - 12. What are the prime factors of f(k)?
127
Let w = 534 + 193. Suppose -4*i + 581 = l, 7*l - 6*l = -5*i + w. What are the prime factors of i?
2, 73
Let z(l) = -l**3 - 4*l**2 + 2*l - 12. Let x be z(-5). Suppose -x*r + 2*r = -118. Suppose h - 126 = 3*o, 0*h = -h - 5*o + r. List the prime factors of h.
3, 41
Let n(w) = -w**3 - 17*w**2 + 15*w - 13. Let i be n(-17). Let o = i + 463. Suppose -302 = -5*a - 2*f, -3*a + f + o = 5. List the prime factors of a.
2, 31
Let l be ((48/15)/2)/(2/(-10)). Suppose -3*g = p - 1873, 3*g + 10*p = 6*p + 1858. List the prime factors of (-105)/20 - -5 - g/l.
2, 3, 13
Let o = -8089 - -18729. What are the prime factors of o?
2, 5, 7, 19
Let o(s) be the second derivative of s**4/12 + 5*s**3/6 - 5*s**2/2 + 34*s. Let w(g) = -g**2 + 5*g - 3. Let j be w(2). List the prime factors of o(j).
19
Suppose 2*v - 53 = -53. Let g = 18 - 16. Suppose -g*l + 2*c = -196, -4*l = 4*c - v*c - 384. List the prime factors of l.
97
Let w = -75 - -116. Let h = w - 42. List the prime factors of 8 - 11 - (0 + h)*107.
2, 13
Let c(y) = -1310*y + 15924. What are the prime factors of c(-62)?
2, 12143
Let h(u) be the third derivative of -u**6/120 + 19*u**5/60 - 11*u**4/8 - u**3/6 + 14*u**2 - 3. What are the prime factors of h(14)?
11, 47
Let c(j) = 53*j - 283. Let q be c(5). List the prime factors of ((-6)/(q/3))/((-1)/(-1985)).
5, 397
Let b(c) = c**3 - 16*c**2 - 17*c + 12. Let m be b(17). Let n = 16 - m. Suppose 5*g - 449 = -3*j, 0*g = 5*j + n